50 divide 121966?
False
Is 6 a factor of 69?
False
Is 12 a factor of 22668?
True
Is 5 a factor of 5512?
False
Does 135 divide 24165?
True
Is 20 a factor of 16244?
False
Is 32 a factor of 37760?
True
Is 1752 a multiple of 12?
True
Is 120 a multiple of 10?
True
Does 26 divide 520?
True
Is 116 a factor of 1377?
False
Does 15 divide 6405?
True
Is 26 a factor of 598?
True
Is 21734 a multiple of 24?
False
Is 22 a factor of 864?
False
Is 673 a multiple of 93?
False
Does 114 divide 570?
True
Is 8908 a multiple of 68?
True
Does 23 divide 490?
False
Does 56 divide 12681?
False
Is 10100 a multiple of 42?
False
Does 2 divide 891?
False
Is 2369 a multiple of 42?
False
Is 8738 a multiple of 17?
True
Is 10808 a multiple of 8?
True
Is 140 a factor of 9100?
True
Is 41 a factor of 9270?
False
Is 4 a factor of 2292?
True
Is 186 a factor of 18414?
True
Is 34 a factor of 51?
False
Does 15 divide 170?
False
Is 4042 a multiple of 43?
True
Is 22 a factor of 137796?
False
Is 256 a multiple of 4?
True
Does 30 divide 999?
False
Is 2733 a multiple of 9?
False
Is 27 a factor of 502?
False
Is 1417 a multiple of 59?
False
Is 19 a factor of 1116?
False
Is 3144 a multiple of 12?
True
Is 9 a factor of 6542?
False
Is 23 a factor of 125?
False
Does 152 divide 6992?
True
Is 11 a factor of 209?
True
Is 45 a factor of 1035?
True
Is 5 a factor of 170?
True
Is 6 a factor of 246?
True
Is 10036 a multiple of 13?
True
Is 1206 a multiple of 10?
False
Does 4 divide 417?
False
Is 6085 a multiple of 14?
False
Is 9 a factor of 3354?
False
Does 30 divide 18109?
False
Is 3718 a multiple of 10?
False
Does 32 divide 37856?
True
Does 13 divide 3088?
False
Does 16 divide 6684?
False
Is 52 a factor of 1815?
False
Is 232 a multiple of 3?
False
Is 23 a factor of 2484?
True
Does 85 divide 27064?
False
Is 66 a multiple of 9?
False
Is 5042 a multiple of 28?
False
Is 201 a factor of 201?
True
Does 15 divide 1123?
False
Does 66 divide 56499?
False
Does 33 divide 3873?
False
Does 17 divide 90508?
True
Does 31 divide 2298?
False
Is 182684 a multiple of 31?
False
Is 19 a factor of 1672?
True
Is 2893 a multiple of 12?
False
Is 13 a factor of 176?
False
Is 47694 a multiple of 10?
False
Is 30 a factor of 2100?
True
Is 13 a factor of 14776?
False
Is 250 a factor of 37011?
False
Is 12 a factor of 6621?
False
Is 6254 a multiple of 16?
False
Is 148 a factor of 41144?
True
Is 7482 a multiple of 58?
True
Is 29 a factor of 499?
False
Does 2 divide 98?
True
Is 124 a multiple of 31?
True
Is 334 a multiple of 79?
False
Does 22 divide 8678?
False
Is 4 a factor of 2244?
True
Does 14 divide 94021?
False
Does 11 divide 191?
False
Is 43 a factor of 4257?
True
Is 6203 a multiple of 49?
False
Is 2741 a multiple of 3?
False
Is 244 a factor of 7301?
False
Does 2 divide 111?
False
Is 11 a factor of 4983?
True
Is 175 a multiple of 3?
False
Does 14 divide 5701?
False
Is 1570 a multiple of 8?
False
Is 89 a factor of 8022?
False
Does 17 divide 357?
True
Does 32 divide 1312?
True
Is 56 a factor of 72184?
True
Is 107 a factor of 8132?
True
Is 7959 a multiple of 21?
True
Is 6240 a multiple of 13?
True
Does 17 divide 3366?
True
Is 1080 a multiple of 90?
True
Does 67 divide 803?
False
Is 896 a multiple of 112?
True
Is 1260 a multiple of 63?
True
Does 146 divide 7815?
False
Does 12 divide 528?
True
Is 992 even?
True
Is 683 a multiple of 17?
False
Does 123 divide 4059?
True
Is 24 a factor of 2637?
False
Is 6825 a multiple of 15?
True
Is 136 a factor of 11696?
True
Is 858 a multiple of 33?
True
Is 67948 a multiple of 328?
False
Is 87236 a multiple of 10?
False
Is 5 a factor of 2491?
False
Is 5959 a multiple of 21?
False
Is 87 a factor of 11136?
True
Is 53 a factor of 2332?
True
Does 196 divide 13338?
False
Is 30 a multiple of 3?
True
Is 319 a multiple of 29?
True
Is 53 a factor of 6542?
False
Is 36 a factor of 7560?
True
Is 6 a factor of 2412?
True
Does 45 divide 1845?
True
Is 4 a factor of 13420?
True
Does 13 divide 44728?
False
Does 109 divide 14606?
True
Does 8 divide 359?
False
Is 66 a factor of 1452?
True
Is 6 a factor of 514?
False
Is 12693 a multiple of 44?
False
Is 1440 a multiple of 9?
True
Is 11 a factor of 1914?
True
Is 17 a factor of 9418?
True
Is 23 a factor of 1518?
True
Does 27 divide 5697?
True
Is 15 a factor of 1931?
False
Does 17 divide 38845?
True
Is 2736 a multiple of 12?
True
Is 1464 a multiple of 61?
True
Is 77433 a multiple of 245?
False
Is 18 a factor of 23490?
True
Is 10 a factor of 42208?
False
Does 4 divide 4252?
True
Does 12 divide 9228?
True
Is 102 a factor of 1326?
True
Does 57 divide 3393?
False
Is 15 a factor of 1695?
True
Does 13 divide 407?
False
Does 9 divide 131?
False
Is 3621 a multiple of 4?
False
Is 4247 a multiple of 16?
False
Is 9 a factor of 2196?
True
Is 15017 a multiple of 4?
False
Does 86 divide 1362?
False
Is 4 a factor of 564?
True
Is 42 a factor of 136?
False
Does 14 divide 126?
True
Is 135 a multiple of 4?
False
Is 25 a factor of 24589?
False
Is 86001 a multiple of 108?
False
Is 765 a multiple of 14?
False
Does 52 divide 6480?
False
Does 4 divide 13808?
True
Does 22 divide 1012?
True
Does 61 divide 4026?
True
Is 16 a factor of 4243?
False
Does 4 divide 92?
True
Is 18072 a multiple of 10?
False
Does 4 divide 259?
False
Is 3 a factor of 3171?
True
Is 378 a multiple of 7?
True
Is 144 a factor of 4320?
True
Does 44 divide 92416?
False
Is 2123 a multiple of 68?
False
Does 2 divide 29?
False
Is 12870 a multiple of 63?
False
Is 37440 a multiple of 96?
True
Is 9 a factor of 504?
True
Does 39 divide 264?
False
Is 574 a multiple of 7?
True
Is 8 a factor of 226?
False
Does 13 divide 68042?
True
Is 460 a multiple of 51?
False
Is 200 a factor of 10091?
False
Does 11 divide 2382?
False
Is 230 a multiple of 2?
True
Is 8 a factor of 26563?
False
Is 60154 a multiple of 13?
False
Is 12 a factor of 107695?
False
Is 1983 a multiple of 75?
False
Is 24 a factor of 24451?
False
Is 156 a factor of 4524?
True
Is 6 a factor of 358?
False
Is 7462 a multiple of 183?
False
Does 12 divide 180?
True
Is 42812 a multiple of 22?
True
Does 17 divide 4703?
False
Does 4 divide 277?
False
Is 9672 a multiple of 13?
True
Is 919 a multiple of 6?
False
Is 4841 a multiple of 23?
False
Does 40 divide 834?
False
Does 41 divide 3936?
True
Does 15 divide 4935?
True
Is 30 a factor of 990?
True
Is 15 a factor of 2402?
False
Is 1999 a multiple of 23?
False
Does 14 divide 3127?
False
Does 13 divide 90454?
True
Does 27 divide 456?
False
Does 14 divide 350?
True
Is 13 a factor of 31965?
False
Does 113 divide 17515?
True
Is 4 a factor of 2820?
True
Is 9238 a multiple of 149?
True
Is 1743 a multiple of 11?
False
Is 5 a factor of 385?
True
Is 872 a multiple of 58?
False
Does 24 divide 4392?
True
Is 23 a factor of 1331?
False
Does 6 divide 347?
False
Does 51 divide 6477?
True
Is 7 a factor of 1099?
True
Is 43 a factor of 17772?
False
Does 35 divide 76?
False
Is 9 a factor of 1314?
True
Is 22 a factor of 4057?
False
Is 42773 a multiple of 63?
False
Does 18 divide 479?
False
Does 131 divide 13133?
False
Is 27 a factor of 6136?
False
Is 27 a factor of 1350?
True
Does 35 divide 7493?
False
Is 81510 a multiple of 209?
True
Is 992 a multiple of 50?
False
Is 8 a factor of 66198?
False
Is 873 a multiple of 97?
True
Is 19 a factor of 16939?
False
Does 20 divide 11380?
True
Is 122 a multiple of 3?
False
Is 15 a factor of 13351?
False
Does 7 divide 36825?
False
Is 920 a multiple of 10?
True
Is 73 a factor of 9292?
False
Does 26 divide 3510?
True
Is 691 a multiple of 48?
False
Is 4278 a multiple of 6?
True
Does 13 divide 34489?
True
Does 20 divide 18020?
True
Does 14 divide 12313?
False
Is 7128 a multiple of 24?
True
Is 46 a factor of 1104?
True
Does 16 divide 420?
False
Does 29 divide 870?
True
Is 5084 a multiple of 45?
False
Is 59 a factor of 150568?
True
Is 1558 a multiple of 82?
True
Is 15 a factor of 103920?
True
Is 3696 a multiple of 91?
False
Is 500 a multiple of 10?
True
Is 9201 a multiple of 128?
False
Is 256 a multiple of 64?
True
Is 6766 a multiple of 8?
False
Is 4680 a multiple of 26?
True
Does 32 divide 1453?
False
Is 23 a factor of 966?
True
Is 137 a factor of 5264?
False
Is 13 a factor of 12718?
False
Is 184 a factor of 38851?
False
Is 4851 a multiple of 99?
True
Is 9 a factor of 21586?
False
Does 16 divide 16008?
False
Is 2975 a multiple of 